4 + ((30 - 37) + 9 - -27)?
83
What is -3 - (-3 + -1 - ((3 - 2) + 1))?
3
Calculate 5 - (-4 + -22 + 2 + -9) - -2.
40
Calculate 32 + 0 + (14 - (15 + 9) - -9).
31
Calculate 1 + (-23 + 47 - 20 - 4).
1
Evaluate (-21 - 14) + -133 + 140.
-28
What is -18 - (-5 + -11 + (-10 + 2 - -34))?
-28
What is (-34 - 4) + (68 + -22 - 31)?
-23
Evaluate 27 - (37 + (-37 - 13)).
40
Calculate 630 + -673 + (1 + 1 - 7) - -11.
-37
-2 + 31 + (9 - 28) + 12
22
What is the value of -10 + -37 + -27 + 12 + 23?
-39
Calculate (3673 + -3680 - (-2 + (0 - 1) - 2)) + -25.
-27
Calculate -26 + -20 + (-7 + 9 - -2) + 4.
-38
What is the value of 0 + (27 - 0 - 25)?
2
What is the value of -48 + (-8 - (-4 - 44))?
-8
What is the value of -41 - -29 - (-1 - 21) - -19 - -2?
31
What is the value of -8 + (-23 - -69) + -36 - (-81 + 0)?
83
What is (3 - 19 - (-10 - 33)) + (-17 - -4)?
14
What is the value of (-4 - -7) + -52 + (-23 - -32) + -1?
-41
34 + -21 - -22 - (3 - 18)
50
What is the value of -15 + 31 + (-6 + 5 - (-20 - -4)) + -7?
24
Evaluate (3 + (0 - 16) - 3) + 78 + -13.
49
Evaluate (-7 - -4) + -4 - (-520 - -516).
-3
Evaluate 6 - 3 - (4 - 54) - (-158 - -158).
53
What is -1 + -200 - (2390 - 2510)?
-81
Calculate -16 - (-54 + 61 + -15).
-8
-8 + -1 - -48 - (8 - (5 + 0))
36
What is -59 - ((-9 + 15 - 12) + (-11 - -7))?
-49
-21 - (99 + (-21 + (-22 - -28) - -1))
-106
What is the value of -74 - ((-44 - -19) + (50 - 55))?
-44
What is the value of (15 - 16 - (-7 + -9)) + (12 - 40)?
-13
Calculate 19 + -2 - -1 - ((4 - -27) + -22) - -27.
36
What is the value of 11 + (-22 - -32) + -7 + -106 + -9?
-101
Calculate (1 - -6) + 1 - (7 + (-43 - (-9 - 0))).
35
Evaluate (21 - 40) + (25 - -2) + (-27 - -5) + -4.
-18
Calculate 613 - 663 - (-14 + 10).
-46
-150 + (7191 + -7190 - (-4 - ((0 - 0) + 1)))
-144
What is -9 + 1 - (-19 - (-59 + 78))?
30
What is (-10 - 1) + (-41 - (6 - (5 - 2) - -5))?
-60
(-56 - (-40 + -3)) + 0 + 24
11
What is the value of 0 + -3 + (64 - 87 - -33)?
7
Evaluate -116 + 110 + (7 - 3 - 22).
-24
Evaluate 9 + -26 + -38 + 98.
43
What is 22 - (-4 - -15) - (-14 + -36 + 17)?
44
What is (-26 - (88 - 123)) + (-1 - 2) - (-1 - 14)?
21
Calculate -34 + (31 - (2 + 0)) - 2.
-7
Calculate -31 + 20 + -37 + 34.
-14
-34 + (26 - 50) + 25 + -2
-35
Evaluate (8 - 35) + 29 - (8 - (9 - 14)).
-11
Calculate (22 - 21) + -15 - (11 + 0 + -96).
71
(-7 - 28) + (11 - -33 - 33)
-24
2246 - 2231 - ((3 - -135) + 2)
-125
Calculate -1 + 24 - (-578 + 587 - (16 + -1)).
29
(-119 - -100) + (-1 - -1) + -38
-57
-2 + 10 - (4 - 26 - (-1 - -8))
37
What is the value of 20 - (16 - 22 - 109)?
135
Calculate -36 + 0 + -7713 + 7718.
-31
What is 47 - (-27 - (-22 + -32)) - ((-3 - -1) + -8)?
30
What is 0 - ((4 - 13) + 31 + 8 - 3)?
-27
What is the value of (-14 - (-7 + 13 + -8)) + 9 + -14?
-17
Evaluate -73 + 13 - (-24 + -27 + 24).
-33
Evaluate 2 + 120 - (2124 - 2050).
48
Evaluate (18 + -47 + 17 - (-3 + -3)) + 30.
24
Evaluate 0 + -35 + (37 + 0 - (166 - 126)).
-38
Evaluate -1 + 120 + (0 + (-10 - -13) + 2 - 7).
117
-42 + 4 + ((10 + -3 - 6) + -9 - -8)
-38
-5 + 1 - (679 - 706) - (1 - 14)
36
What is -36 + -29 + 68 - 19 - 6?
-22
15 + 1 + 13 + 13 + 11 - -8
61
What is the value of (9 - ((-3 - (13 + 4 + -19)) + 80)) + 12?
-58
Evaluate 65 - ((30 + 32 + -74 - (-13 + 2)) + -5).
71
Calculate 4 + -2 + 4 + 21.
27
What is 4 - (1 + 13 + (-17 - (7 + -2)) + 62)?
-50
What is the value of (365 - 467) + 15 + 2 + (3 - 6)?
-88
Evaluate 39 + (91 - 121) + (0 - 59).
-50
Evaluate 25 - (-27 + 41) - (91 - (-14 + 9)).
-85
What is the value of (-3 - -2 - (80 - 71)) + -39 + -4 + 6?
-47
What is -8 + (2 - 3) + (1 - -27) + 34 + -27?
26
Calculate 10 - (14 + 25 + -7) - (-1 + 3 + -4).
-20
3 + (6 - 11 - 8 - 17)
-27
Calculate -5 + 93 + (-157 - -111) - (12 + 0 + -2).
32
Calculate 28 - (111 + -36) - -8.
-39
Evaluate (4 - (-4 - -2)) + (-6 - -19) + 11.
30
Calculate -26 + 7 + -77 + (-2 - -2 - (-9 + 4)).
-91
Calculate 37 + -35 + -39 - -53.
16
What is the value of -9 + (-46 - 13) + 47?
-21
Evaluate (144 - 98) + (-7 + 45 - 8).
76
Calculate (-29 + -1 - -1) + -21606 + 21585.
-50
Evaluate -96 + -24 + 55 + 26.
-39
-265 - -283 - (3 + -13)
28
What is the value of 31 + (-27 + (64 - 38) - (8 - -2))?
20
Calculate -40 - (341 - 317 - (0 + 67)).
3
What is the value of -9 + 82 + -75 + 0 + 3 + 139?
140
Evaluate -57 + (14 - ((-4 - -7) + -5)).
-41
What is (-90 - -43) + -13 + (-10 - -12 - -3)?
-55
Evaluate 43 + -1 + (24 - (13 + -27 + 10)) + -13.
57
Evaluate -14 + -64 + 15 + 53.
-10
What is the value of 26 - ((49 - -6) + -28)?
-1
-1810 - -1806 - (1 + -11)
6
Evaluate -20 - (-5 + 25) - -62.
22
(-4 - -8 - (-5 - 1)) + (-107 - 1 - -14)
-84
What is the value of -91 + -100 + (108 - -2)?
-81
What is the value of (-82 + 261 - 67) + -46?
66
(-40 - 35) + 43 - -40
8
Calculate 7 - (-11 - (-7 + (4 - 6))) - 19.
-10
Calculate 69 - ((-1194 - -1163) + 0 + (18 - 1)).
83
-3 + 11 + -14 + 15 + 2 + 30 + -3
38
31 - (-122 + 200) - 37
-84
What is the value of 32 + -130 - -46 - -33?
-19
0 + -4 - (-77 - -65 - -31)
-23
Evaluate -4 - (-157 + -31 + 72 + -26).
138
15 - (51 + -5 + -28) - (-58 + 1 + 1)
53
What is 4 + (2 - -37) - -3 - (-12 - (10 + -24))?
44
What is the value of 60 + -62 - (-7 - (-9 + 33))?
29
57 - 52 - (14 - 34) - 33
-8
What is the value of 26 + -78 + 103 - -31?
82
What is -1207 + 1214 - (0 + -45 - (0 - 6))?
46
What is the value of 2 + -1 + -73 + 3 - (346 + (-650 - -294))?
-59
3 - 7 - (-9 + 2 + -3 + -1 - 71)
78
Calculate -71 + 63 + (-45 - -16) + -14.
-51
Calculate -74 + (42 - -8) - 20.
-44
What is -1 + 14 + -458 + 464?
19
What is the value of -11 + (-209 + 103 - -162)?
45
What is 29 + (-80 - -56) + 80 + -2?
83
Calculate 0 - 1 - -10 - ((54 - (87 + -54)) + -75).
63
Evaluate 11 + 1 + (-34 - -6) - (3 + -8 + 1).
-12
Calculate 6 + -30 + 32 + -33 + 38.
13
(-50 + -22 - -59) + 51
38
What is -9 - (-38 + 72 + -107)?
64
Calculate -50 + -108 + 71 + 78.
-9
4 - -4 - (-18 + -45 + 9)
62
Evaluate -7 - ((-20 - 6) + 12) - 12.
-5
Calculate (17 + (-63 - -56) - (1 + -85)) + 9.
103
-1214 + 1218 - (139 + 7)
-142
(-48 - 7) + (5 - -2 - -13) + -6 + -27
-68
What is the value of -83 + -31 + 159 + -1 + -174?
-130
What is 18 - -6 - (301 + -95 - 48)?
-134
What is -38 - (1062 + -1056 + 1 + 0 + -12 - -9)?
-42
Evaluate (-1 - -9) + (17 + 9 - -12 - 8).
38
Calculate (54 - 52) + (2 - 0) - -34.
38
-36 + (6 - 7) + 31 + 76
70
What is 43 + -91 + 22 + 54?
28
Evaluate 186 - (82 + (86 - 78)).
96
What is the value of -88 + (-27 - -74) - -71?
30
What is the value of 1 + -3 + -36 + (7 - 11) + (2 - -6)?
-34
-3 - (-1 - ((-5 - 2) + 3 - (7 - 1)))
-12
Calculate -38 - 2 - ((-21 - 0) + (6 - (-62 + 48))).
-39
(36 - (76 + -39 + -22)) + 29
50
What is the value of 4 + -18 + 5 - (-43 + (-7 - (3 - 5)))?
39
Evaluate 118 + -132 + -18 + 50.
18
40 - (33 - 6) - (-5 + (3 - 7))
22
What is (67 - -7) + (28 - -66 - 115)?
53
Evaluate -11 + -36 + (4 - (5 + -2) - (56 + -61)).
-41
(92 - 69) + (39 - 73)
-11
Evaluate -21 + 18 + -45 + 24.
-24
What is 0 - (8 + 14) - (-121 - -112)?
-13
Evaluate -7 - -14 - -127 - (383 - 332).
83
Evaluate -13805 - -13661 - (1 + (-11 - -3) - (1 + 1)).
-135
-58 - (-168 - (-114 + 70))
66
-7 - ((-19 - (10 + 17) - 22) + 17)
44
92 - (100 - -2) - (-57 - -1)
46
Evaluate 69 - (16 + (88 - 80)).
45
Evaluate 14 + 21 + -19 + -10 - -39.
45
What is the value of -10 - ((-13 - -30) + 5) - -104?
72
What is the value of 1 + 50 + -15 + -13 + 19 + 1 + 2?
45
Calculate (9 - -2) + (109 - 117).
3
(-1268 - -1278) + 7 + (0 - 3)
14
What is the value of 13 - (8 - 7 - (-19 - (17 + -6)))?
-18
Evaluate -32 + (4 + 2 - 0) + (41 - 49).
-34
(-78 - (4 - -6 - (41 - 49))) + -8
-104
What is the value of 8 - (10 - 21 - 10 - -13 - -20 - 6)?
2
What is -13 + (47 - ((-7 - (1 + -17)) + -19))?
44
What is the value of 30 - 4 - (-619 + 637)?
8
-11 - ((-18 - 1) + (-40 - -12))
36
Evaluate 14 + -253 + 231 - (74 - 0).
-82
What is the value of -32 - -74 - 25 - (6 - -68 - 7)?
-50
What is -359 - -352 - (46 - (-4 - (-3 + 3 + -4)))?
-53
Calculate 7 - (44 + (28 - 39) + 1).
-27
What is (4 - -1) + -3 + 7 - (-4 + -42 - 5)?
60
Calculate (12 + -3 + 2 - (188 + -193)) + -29.
-13
What is 323 - 376 - -12 - (7 - (-1 + 1))?
-48
Calculate -7 + (-420 + 404 - (-18 - 1)).
-4
What is the value of 21 - 10 - ((-6 + 8 - -7) + 81 + -25)?
-54
(56 - 13) + -35 + -34
-26
What is the value of -24 - (-6 + 3) - (-21 + 76) - -3?
-73
Calculate (28 - -26) + (-5 - 0 - 3) + (-61 -